What is the highest common divisor of 742933 and 1079?
83
What is the highest common factor of 167630 and 170?
10
What is the highest common divisor of 3148915 and 385?
385
Calculate the highest common factor of 10648 and 464.
8
Calculate the greatest common factor of 1465322 and 2876.
1438
Calculate the highest common factor of 90 and 5427.
9
What is the greatest common factor of 24200 and 28050?
550
What is the highest common factor of 932 and 444?
4
Calculate the highest common divisor of 322 and 7958.
46
What is the highest common divisor of 341 and 136059?
341
Calculate the highest common divisor of 1370565 and 570.
285
Calculate the greatest common divisor of 261269 and 38.
19
Calculate the greatest common divisor of 4520 and 144.
8
What is the highest common divisor of 28196 and 684?
76
What is the greatest common factor of 504 and 1248408?
504
Calculate the greatest common divisor of 242267 and 17.
17
Calculate the greatest common divisor of 76 and 364268.
76
Calculate the greatest common divisor of 545 and 31392.
109
What is the highest common factor of 84 and 2051196?
84
Calculate the greatest common factor of 125 and 825.
25
What is the highest common divisor of 462157 and 12133?
1103
What is the highest common factor of 5453 and 11193?
287
What is the greatest common divisor of 10947 and 12282?
267
What is the highest common factor of 3078 and 26562?
114
Calculate the highest common divisor of 70261 and 85.
17
Calculate the highest common factor of 100370 and 10.
10
What is the highest common divisor of 161 and 1938923?
161
What is the greatest common divisor of 9360 and 3012?
12
Calculate the greatest common divisor of 321 and 1059.
3
What is the greatest common factor of 1548 and 31572?
36
What is the greatest common divisor of 30 and 294870?
30
Calculate the highest common divisor of 435438 and 72.
18
What is the greatest common factor of 19525 and 22081?
71
What is the greatest common divisor of 175 and 314930?
35
Calculate the highest common factor of 2196 and 1314.
18
What is the greatest common divisor of 203870 and 38?
38
What is the greatest common divisor of 48 and 1788?
12
Calculate the highest common factor of 1025 and 25420.
205
Calculate the highest common factor of 192 and 110472.
24
What is the highest common divisor of 1520 and 8920?
40
What is the highest common factor of 35 and 800135?
35
Calculate the highest common factor of 438 and 106653.
219
What is the highest common factor of 686 and 8638?
14
Calculate the highest common factor of 4415928 and 1320.
264
Calculate the greatest common divisor of 1905 and 41205.
15
Calculate the highest common factor of 840350 and 75.
25
Calculate the greatest common factor of 717624 and 9.
9
Calculate the highest common divisor of 5019993 and 99.
99
What is the greatest common factor of 99 and 5412?
33
What is the highest common factor of 988209 and 63?
9
Calculate the highest common divisor of 2513585 and 15.
5
What is the greatest common divisor of 66570 and 5460?
210
What is the greatest common factor of 9632 and 3556?
28
Calculate the greatest common factor of 236709 and 66.
33
What is the greatest common divisor of 22495 and 55?
55
Calculate the greatest common divisor of 13166 and 2951.
227
Calculate the highest common divisor of 44 and 2926594.
22
Calculate the greatest common factor of 5497 and 44896.
23
What is the greatest common divisor of 16020 and 410290?
890
What is the highest common divisor of 3393 and 9477?
117
Calculate the greatest common divisor of 9073 and 22489.
43
What is the greatest common divisor of 175202 and 17?
17
What is the greatest common factor of 10 and 261?
1
What is the greatest common factor of 239687 and 194?
97
Calculate the greatest common divisor of 36 and 1644.
12
What is the highest common divisor of 2710925 and 1225?
1225
What is the highest common factor of 1032 and 1161?
129
What is the highest common divisor of 186 and 1205373?
93
What is the highest common divisor of 3044459 and 1298?
649
Calculate the greatest common factor of 132 and 801207.
33
Calculate the greatest common factor of 225 and 257475.
75
Calculate the greatest common factor of 660 and 815980.
220
What is the greatest common factor of 164 and 32882?
82
Calculate the greatest common divisor of 45 and 410715.
45
Calculate the highest common factor of 239896 and 17190.
382
What is the greatest common factor of 2443005 and 9?
9
Calculate the highest common divisor of 17109 and 72.
9
What is the greatest common factor of 3640 and 13195?
455
Calculate the greatest common divisor of 54 and 41931.
27
Calculate the highest common divisor of 8 and 3846.
2
What is the highest common factor of 270 and 50679?
27
Calculate the greatest common factor of 743858 and 2.
2
What is the greatest common divisor of 145167 and 424?
53
Calculate the greatest common factor of 1113 and 21273.
21
Calculate the greatest common factor of 26001 and 749.
107
What is the greatest common divisor of 2125 and 1775?
25
Calculate the greatest common factor of 6240 and 21450.
390
Calculate the highest common factor of 2116084 and 852.
284
Calculate the greatest common divisor of 69104 and 392.
56
Calculate the highest common divisor of 54 and 13428.
18
Calculate the highest common divisor of 686 and 206143.
343
What is the greatest common factor of 1612 and 2108?
124
What is the highest common factor of 1260 and 620?
20
What is the greatest common factor of 2983 and 55107?
157
Calculate the greatest common divisor of 22 and 41283.
11
Calculate the greatest common factor of 15 and 305.
5
What is the greatest common factor of 3272 and 622498?
818
Calculate the highest common factor of 17284 and 14900.
596
What is the greatest common divisor of 2440800 and 1080?
1080
Calculate the greatest common divisor of 1170 and 418050.
90
Calculate the greatest common divisor of 1674 and 6318.
54
What is the highest common factor of 86543 and 333?
37
What is the greatest common factor of 13523 and 2?
1
Calculate the highest common factor of 100860 and 6.
6
What is the greatest common factor of 135 and 68130?
45
Calculate the highest common factor of 8890 and 810.
10
What is the highest common factor of 310 and 327298?
62
Calculate the highest common divisor of 1053 and 3744.
117
Calculate the highest common factor of 4338706 and 34.
34
What is the greatest common divisor of 698680 and 60?
20
What is the greatest common divisor of 780 and 1251510?
390
What is the greatest common factor of 31556 and 392?
196
What is the greatest common divisor of 104767 and 2613?
13
Calculate the highest common factor of 27235 and 650.
65
Calculate the greatest common divisor of 387942 and 246.
246
What is the greatest common factor of 189 and 138969?
27
What is the greatest common divisor of 1015217 and 7?
7
What is the highest common factor of 259 and 3486140?
259
What is the greatest common divisor of 27944 and 1624?
56
What is the greatest common divisor of 1662842 and 266?
38
Calculate the greatest common factor of 78352 and 1180.
236
What is the highest common factor of 135 and 14670?
45
What is the highest common factor of 6538 and 2254?
14
Calculate the highest common divisor of 12017 and 77815.
197
What is the greatest common divisor of 15453 and 11577?
51
Calculate the greatest common divisor of 42 and 2182467.
21
Calculate the greatest common factor of 1900 and 49495.
95
Calculate the highest common divisor of 64026 and 24.
6
What is the highest common factor of 14075 and 18500?
25
Calculate the highest common divisor of 33236 and 84.
28
Calculate the highest common factor of 4056 and 234.
78
What is the highest common factor of 38 and 198854?
38
Calculate the greatest common factor of 10 and 587630.
10
Calculate the highest common divisor of 903 and 420841.
43
What is the greatest common divisor of 18532 and 12382?
82
Calculate the greatest common factor of 313038 and 33966.
918
Calculate the greatest common divisor of 376 and 2999916.
188
Calculate the greatest common factor of 435 and 6322.
29
What is the greatest common factor of 3879 and 7047?
9
What is the highest common factor of 12252 and 1728?
12
What is the greatest common factor of 259518 and 2?
2
Calculate the greatest common factor of 130 and 15535.
65
Wha